{"id":47987,"date":"2025-12-07T17:14:01","date_gmt":"2025-12-07T16:14:01","guid":{"rendered":"http:\/\/cycloclubremois.com\/?page_id=47987"},"modified":"2025-12-16T09:49:52","modified_gmt":"2025-12-16T08:49:52","slug":"accueil-ccr","status":"publish","type":"page","link":"https:\/\/cycloclubremois.com\/index.php\/accueil-ccr\/","title":{"rendered":"Accueil CCR"},"content":{"rendered":"<h1>Le Cyclo Club R\u00e9mois (CCR)<\/h1>\n<h2>Les derni\u00e8res actualit\u00e9s du CCR<\/h2>\n<h3>Le reportage de la derni\u00e8re assembl\u00e9e g\u00e9n\u00e9rale (CCR)<\/h3>\n<p><a href=\"http:\/\/cycloclubremois.com\/index.php\/photos\/photos-2019\/2025-11-23-a-g-c-c-r\/\"><img loading=\"lazy\" decoding=\"async\" class=\"aligncenter size-medium wp-image-48513\" src=\"http:\/\/cycloclubremois.com\/wp-content\/uploads\/2025\/12\/AG_2025_CCR-300x206.jpg\" alt=\"\" width=\"300\" height=\"206\" srcset=\"https:\/\/cycloclubremois.com\/wp-content\/uploads\/2025\/12\/AG_2025_CCR-300x206.jpg 300w, https:\/\/cycloclubremois.com\/wp-content\/uploads\/2025\/12\/AG_2025_CCR-768x526.jpg 768w, https:\/\/cycloclubremois.com\/wp-content\/uploads\/2025\/12\/AG_2025_CCR-1024x702.jpg 1024w, https:\/\/cycloclubremois.com\/wp-content\/uploads\/2025\/12\/AG_2025_CCR.jpg 1084w\" sizes=\"auto, (max-width: 300px) 100vw, 300px\" \/><\/a><\/p>\n<p><a href=\" https:\/\/cycloclubremois.com\/index.php\/2025-11-23-a-g-c-c-r\/\">Photos et reportage de la derni\u00e8re AG de novembre 2025<\/a><\/p>\n<h3>Le reportage du dernier BCMR<\/h3>\n<p><a href=\"http:\/\/cycloclubremois.com\/index.php\/divers\/photo-du-b-c-m-r-2025\/\"><img loading=\"lazy\" decoding=\"async\" class=\"aligncenter size-medium wp-image-48522\" src=\"http:\/\/cycloclubremois.com\/wp-content\/uploads\/2025\/12\/bcmr-300x200.jpg\" alt=\"\" width=\"300\" height=\"200\" srcset=\"https:\/\/cycloclubremois.com\/wp-content\/uploads\/2025\/12\/bcmr-300x200.jpg 300w, https:\/\/cycloclubremois.com\/wp-content\/uploads\/2025\/12\/bcmr-768x512.jpg 768w, https:\/\/cycloclubremois.com\/wp-content\/uploads\/2025\/12\/bcmr.jpg 1024w\" sizes=\"auto, (max-width: 300px) 100vw, 300px\" \/><\/a><\/p>\n<p><a href=\"http:\/\/cycloclubremois.com\/index.php\/divers\/photo-du-b-c-m-r-2025\/\">Reportage photos B.C.M.R En ligne<\/a><br \/>\n<!-- Espace de 20px --><\/p>\n<div style=\"height: 20px;\">&nbsp;<\/div>\n<h3>Bient\u00f4t le Rallye des neiges<\/h3>\n<div class=\"actualite-box\">\n<div class=\"actualite-icon\">\ud83d\udcf0<\/div>\n<div class=\"actualite-content\">\n<p><span style=\"color: #ff0000;\"><strong><span style=\"font-size: 12pt;\">Actualit\u00e9 <\/span>:<\/strong><\/span><\/p>\n<div style=\"margin-top: 8px;\"><strong>Bient\u00f4t une nouvelle saison du Rallye des Neiges<\/strong><br \/>\nDes le 04 janvier 2026, les organisateurs vous proposeront la premi\u00e8re \u00e9tape. Pensez \u00e0 vous inscrire en suivant ce lien<br \/>\n<a href=\"http:\/\/cycloclubremois.com\/index.php\/rdn-4\/inscription-rdn-2025\/\">Inscription en ligne \u2192<\/a><br \/>\n<a href=\"http:\/\/cycloclubremois.com\/wp-content\/uploads\/2025\/12\/INSCRIPTION-RDN-2026.pdf\">Ou t\u00e9l\u00e9charger le formulaire papier\u2192<\/a><br \/>\n<a href=\"http:\/\/cycloclubremois.com\/index.php\/rdn-4\/\">Pour tout savoir sur le Rallye des Neiges 2026\u2192<\/a> <\/strong><\/div>\n<\/div>\n<\/div>\n<p><!-- Espace de 20px --><\/p>\n<div style=\"height: 20px;\">&nbsp;<\/div>\n<h3>Rappel<\/h3>\n<div style=\"display: flex; align-items: stretch; margin-bottom: 15px;\">\n<div style=\"background-color: #2196f3; color: white; padding: 12px; display: flex; align-items: center; justify-content: center; min-width: 70px;\">\u2139<\/div>\n<div class=\"a-noter-box\" style=\"flex: 1; margin-left: 0; border-radius: 0 4px 4px 0; border-left: none;\">Renouvellement de licence (fin de validite 27 fevrier 2026), nouveaux adh\u00e9rents, adh\u00e9rents ext\u00e9rieurs, sympathisants, inscription et paiement en ligne possible<\/div>\n<\/div>\n<p><!-- Espace de 20px --><\/p>\n<div style=\"height: 20px;\">&nbsp;<\/div>\n<p><a href=\"http:\/\/cycloclubremois.com\/index.php\/divers\/petites-annonces\/\"><strong>Info petites annonces mise \u00e0 jour suite \u00e0 vente le 14 Aout 2025<\/strong><\/a><\/p>\n<p>&nbsp;<\/p>\n<h1>Permanence C.C.R ouverte<\/h1>\n<div style=\"display: flex; align-items: stretch; margin-bottom: 15px;\">\n<div style=\"background-color: #2196f3; color: white; padding: 12px; display: flex; align-items: center; justify-content: center; min-width: 70px;\">\u2139<\/div>\n<div class=\"a-noter-box\" style=\"flex: 1; margin-left: 0; border-radius: 0 4px 4px 0; border-left: none;\">Les permanences ont lieu tous les <strong>samedis<\/strong> de d\u00e9cembre, janvier, f\u00e9vrier, mars et avril.<br \/>\nLes premier et troisi\u00e8me <strong>samedi<\/strong> des mois de mai, juin, septembre, octobre et novembre.<\/div>\n<\/div>\n<p><!-- Espace de 20px --><\/p>\n<div style=\"display: flex; align-items: stretch; margin-bottom: 15px;\">\n<div style=\"background-color: #ff6b35; color: white; padding: 12px; display: flex; align-items: center; justify-content: center; min-width: 70px; font-size: 24px;\">\u26a0<\/div>\n<div class=\"attention-box\" style=\"flex: 1; margin-left: 0; border-radius: 0 4px 4px 0; border-left: none;\">Pas de permanence en juillet et en aout.<\/div>\n<\/div>\n<p><!-- Espace de 50px --><\/p>\n<h2>Le C.C.R. serait heureux de vous accueillir<\/h2>\n<div style=\"display: flex; align-items: stretch; margin-bottom: 15px;\">\n<div style=\"background-color: #f44336; color: white; padding: 12px; display: flex; align-items: center; justify-content: center; min-width: 70px; font-size: 24px;\">\u2757<\/div>\n<div class=\"important-box\" style=\"flex: 1; margin-left: 0; border-radius: 0 4px 4px 0; border-left: none;\">Pour nous rejoindre, renouveler votre licence, participer \u00e0 nos sorties en \u00e9tant licenci\u00e9 et &nbsp;\u00e0 tous ceux qui ne pratiquent pas le cyclotourisme et d\u00e9sirent accompagner un ami adh\u00e9rent de notre club<br \/>\nCliquez sur le logo HelloAsso ou suivez ce lien&nbsp;<a href=\"http:\/\/cycloclubremois.com\/index.php\/licences-2025\/\">http:\/\/cycloclubremois.com\/index.php\/licences-2025\/<\/a>.<br \/>\n<a href=\"https:\/\/www.helloasso.com\/associations\/cyclo-club-remois\"><img loading=\"lazy\" decoding=\"async\" class=\"aligncenter wp-image-47958\" src=\"http:\/\/cycloclubremois.com\/wp-content\/uploads\/2025\/12\/Helloasso-logo.png\" alt=\"\" width=\"264\" height=\"132\" srcset=\"https:\/\/cycloclubremois.com\/wp-content\/uploads\/2025\/12\/Helloasso-logo.png 1080w, https:\/\/cycloclubremois.com\/wp-content\/uploads\/2025\/12\/Helloasso-logo-300x150.png 300w, https:\/\/cycloclubremois.com\/wp-content\/uploads\/2025\/12\/Helloasso-logo-768x384.png 768w, https:\/\/cycloclubremois.com\/wp-content\/uploads\/2025\/12\/Helloasso-logo-1024x512.png 1024w\" sizes=\"auto, (max-width: 264px) 100vw, 264px\" \/><\/a><\/div>\n<\/div>\n<p><!-- Espace de 20px --><\/p>\n<div>&nbsp;<\/div>\n<h1>Infos C.C.R<\/h1>\n<h4>Sur la volont\u00e9 de quelques pr\u00e9curseurs du tourisme \u00e0 bicyclette, parmi lesquels son regrett\u00e9 Jacques LOCHET, <strong>le Cyclo Club R\u00e9mois est n\u00e9 en 1932<\/strong> sous la pr\u00e9sidence de Monsieur FRANCOIS, puis ont succ\u00e9d\u00e9 Messieurs ALTERMEYER et CORRARD.<\/h4>\n<h4>C\u2019est apr\u00e8s la lib\u00e9ration que Monsieur Jacques LOCHET (dit Loloche) acc\u00e8de \u00e0 la pr\u00e9sidence, honorablement jusqu\u2019en 1974.<\/h4>\n<blockquote>\n<ul>\n<li>Lui succ\u00e9d\u00e8rent ensuite:<\/li>\n<li>1974\/1975 Marcel HANESSE.<\/li>\n<li>1976 Jean Claude GERARD.<\/li>\n<li>1977\/1982 Fabien DUTERQUE<\/li>\n<li>1983 Pierre KOENIG.<\/li>\n<li>1984\/1988 Jackie DELPORTE.<\/li>\n<li>1989\/1992 Yvon TOURAIS.<\/li>\n<li>1993\/1995 Jacques LIEBENS.<\/li>\n<li>1996\/2003 Robert MILLET.<\/li>\n<li>2004\/2011 Pierre BARDIAUX.<\/li>\n<li>2012\/2014 Jean-Claude DUSEHU.<\/li>\n<li>2015\/2023 Florian KOWALSKI.<\/li>\n<li>2024 en cours Didier LONGUET<\/li>\n<li>...<\/li>\n<\/ul>\n<\/blockquote>\n<h2>Pr\u00e9sentation et historique du club<\/h2>\n<h4>Le Cyclo Club R\u00e9mois est <strong>un des plus anciens clubs affili\u00e9s \u00e0 la F\u00e9d\u00e9ration Fran\u00e7aise de Cyclotourisme<\/strong> (FFCT). Il n\u2019a pourtant pas pris une ride et fait toujours preuve d\u2019une vitalit\u00e9 sans faiblesse ni rel\u00e2chement.<\/h4>\n<h4>Chaque dimanche, et toute l\u2019ann\u00e9e, les cyclos au maillot \u00ab<strong>sang et or<\/strong>\u00bb p\u00e9dalent dans la bonne humeur sur toutes les routes de la r\u00e9gion.<\/h4>\n<h4>Ils s\u2019en \u00e9vadent souvent vers des horizons plus lointains pour participer aux brevets, randonn\u00e9es et concentrations, des plus modestes aux plus prestigieux: Bordeaux-Paris, Paris-Roubaix, Paris-Brest-Paris, Brevets Cyclos Montagnards, entre autres. Participation en nombre \u00e9galement aux Semaines f\u00e9d\u00e9rales Internationales de Cyclotourisme, et toutes autres concentrations.<\/h4>\n<h4>Chacun peut donc trouver son bonheur selon ses moyens et ses ambitions au sein du C.C.R.<\/h4>\n<h4>Chaque hiver, le club organise de janvier \u00e0 mars son traditionnel <strong>Rallye des Neiges<\/strong>, ouvert \u00e0 tous, une bonne et saine remise en condition qui permet de faire connaissance ou de renouer des liens avec les amis d\u2019autres clubs. Ensuite, toute la gamme des brevets randonneurs et audax \u2026.Depuis 2006, un diaporama vient chaque mardi valoriser la balade dominicale du rallye des neiges .<\/h4>\n<h4>En milieu de saison, l\u2019\u00e9preuve phare de la r\u00e9gion,<strong> le Brevet Cyclotouriste de la Montagne de Reims ( le c\u00e9l\u00e8bre B.C.M.R.)<\/strong> draine vers Reims, environ 1000 \u00e0 1500 cyclos dont bon nombre d\u2019\u00e9trangers. Le succ\u00e8s de cette manifestation n\u2019est plus \u00e0 d\u00e9montrer et a sa place au tout premier rang des \u00e9preuves nationales.<\/h4>\n<p><!-- Espace de 20px --><\/p>\n<div>&nbsp;<\/div>\n<h2>Nous contacter<\/h2>\n<p>&nbsp;<\/p>\n<h3>Par courriel<\/h3>\n<p><a href=\"mailto:cycloclubremois@orange.fr\">cycloclubremois@orange.fr<\/a><br \/>\n<!-- Espace de 20px --><\/p>\n<div>&nbsp;<\/div>\n<h3>courrier postal<\/h3>\n<p>Cyclo Club R\u00e9mois<br \/>\n53 all\u00e9e Fl\u00e9chambault<br \/>\n51100 REIMS.<br \/>\nT\u00e9l\u00e9phone: 09 67 76 53 15&amp;nbsp<br \/>\n<!-- Espace de 20px --><\/p>\n<div>&nbsp;<\/div>\n<h3>Le si\u00e8ge du CCR<\/h3>\n<p><iframe src=\"https:\/\/www.google.com\/maps\/embed?pb=!1m18!1m12!1m3!1d27967.213425957678!2d4.005311052108546!3d49.25508226884757!2m3!1f0!2f0!3f0!3m2!1i1024!2i768!4f13.1!3m3!1m2!1s0x47e9744501213fd7%3A0x356e007b202d3f5b!2sCyclo-Club%20R%C3%A9mois!5e1!3m2!1sfr!2sfr!4v1765129475257!5m2!1sfr!2sfr\"><\/iframe><br \/>\n<!-- Espace de 20px --><\/p>\n<div>&nbsp;<\/div>\n<div>&nbsp;<\/div>\n<p><em>Mise \u00e0 jour D.Richomme le 07\/12\/2025<\/em><\/p>\n","protected":false},"excerpt":{"rendered":"<p>Le Cyclo Club R\u00e9mois (CCR) Les derni\u00e8res actualit\u00e9s du CCR Le reportage de la derni\u00e8re assembl\u00e9e g\u00e9n\u00e9rale (CCR) Photos et reportage de la derni\u00e8re AG de novembre 2025 Le reportage du dernier BCMR Reportage photos B.C.M.R En ligne &nbsp; Bient\u00f4t le Rallye des neiges \ud83d\udcf0 Actualit\u00e9 : Bient\u00f4t une nouvelle saison du Rallye des Neiges&#8230;<\/p>\n","protected":false},"author":1,"featured_media":0,"parent":0,"menu_order":0,"comment_status":"closed","ping_status":"closed","template":"onecolumn-page.php","meta":{"_acf_changed":false,"inline_featured_image":false,"ngg_post_thumbnail":0,"_kad_post_transparent":"","_kad_post_title":"","_kad_post_layout":"","_kad_post_sidebar_id":"","_kad_post_content_style":"","_kad_post_vertical_padding":"","_kad_post_feature":"","_kad_post_feature_position":"","_kad_post_header":false,"_kad_post_footer":false,"_kad_post_classname":"","footnotes":""},"folder":[33],"class_list":["post-47987","page","type-page","status-publish","hentry"],"acf":[],"_links":{"self":[{"href":"https:\/\/cycloclubremois.com\/index.php\/wp-json\/wp\/v2\/pages\/47987","targetHints":{"allow":["GET"]}}],"collection":[{"href":"https:\/\/cycloclubremois.com\/index.php\/wp-json\/wp\/v2\/pages"}],"about":[{"href":"https:\/\/cycloclubremois.com\/index.php\/wp-json\/wp\/v2\/types\/page"}],"author":[{"embeddable":true,"href":"https:\/\/cycloclubremois.com\/index.php\/wp-json\/wp\/v2\/users\/1"}],"replies":[{"embeddable":true,"href":"https:\/\/cycloclubremois.com\/index.php\/wp-json\/wp\/v2\/comments?post=47987"}],"version-history":[{"count":167,"href":"https:\/\/cycloclubremois.com\/index.php\/wp-json\/wp\/v2\/pages\/47987\/revisions"}],"predecessor-version":[{"id":48553,"href":"https:\/\/cycloclubremois.com\/index.php\/wp-json\/wp\/v2\/pages\/47987\/revisions\/48553"}],"wp:attachment":[{"href":"https:\/\/cycloclubremois.com\/index.php\/wp-json\/wp\/v2\/media?parent=47987"}],"wp:term":[{"taxonomy":"folder","embeddable":true,"href":"https:\/\/cycloclubremois.com\/index.php\/wp-json\/wp\/v2\/folder?post=47987"}],"curies":[{"name":"wp","href":"https:\/\/api.w.org\/{rel}","templated":true}]}}

<h1>Le Cyclo Club Rémois (CCR)</h1>
<h2>Les dernières actualités du CCR</h2>
<h3>Le reportage de la dernière assemblée générale (CCR)</h3>
<p><a href="http://cycloclubremois.com/index.php/photos/photos-2019/2025-11-23-a-g-c-c-r/"><img loading="lazy" decoding="async" class="aligncenter size-medium wp-image-48513" src="http://cycloclubremois.com/wp-content/uploads/2025/12/AG_2025_CCR-300x206.jpg" alt="" width="300" height="206" srcset="https://cycloclubremois.com/wp-content/uploads/2025/12/AG_2025_CCR-300x206.jpg 300w, https://cycloclubremois.com/wp-content/uploads/2025/12/AG_2025_CCR-768x526.jpg 768w, https://cycloclubremois.com/wp-content/uploads/2025/12/AG_2025_CCR-1024x702.jpg 1024w, https://cycloclubremois.com/wp-content/uploads/2025/12/AG_2025_CCR.jpg 1084w" sizes="auto, (max-width: 300px) 100vw, 300px" /></a></p>
<p><a href=" https://cycloclubremois.com/index.php/2025-11-23-a-g-c-c-r/">Photos et reportage de la dernière AG de novembre 2025</a></p>
<h3>Le reportage du dernier BCMR</h3>
<p><a href="http://cycloclubremois.com/index.php/divers/photo-du-b-c-m-r-2025/"><img loading="lazy" decoding="async" class="aligncenter size-medium wp-image-48522" src="http://cycloclubremois.com/wp-content/uploads/2025/12/bcmr-300x200.jpg" alt="" width="300" height="200" srcset="https://cycloclubremois.com/wp-content/uploads/2025/12/bcmr-300x200.jpg 300w, https://cycloclubremois.com/wp-content/uploads/2025/12/bcmr-768x512.jpg 768w, https://cycloclubremois.com/wp-content/uploads/2025/12/bcmr.jpg 1024w" sizes="auto, (max-width: 300px) 100vw, 300px" /></a></p>
<p><a href="http://cycloclubremois.com/index.php/divers/photo-du-b-c-m-r-2025/">Reportage photos B.C.M.R En ligne</a><br />
<!-- Espace de 20px --></p>
<div style="height: 20px;">&nbsp;</div>
<h3>Bientôt le Rallye des neiges</h3>
<div class="actualite-box">
<div class="actualite-icon">📰</div>
<div class="actualite-content">
<p><span style="color: #ff0000;"><strong><span style="font-size: 12pt;">Actualité </span>:</strong></span></p>
<div style="margin-top: 8px;"><strong>Bientôt une nouvelle saison du Rallye des Neiges</strong><br />
Des le 04 janvier 2026, les organisateurs vous proposeront la première étape. Pensez à vous inscrire en suivant ce lien<br />
<a href="http://cycloclubremois.com/index.php/rdn-4/inscription-rdn-2025/">Inscription en ligne →</a><br />
<a href="http://cycloclubremois.com/wp-content/uploads/2025/12/INSCRIPTION-RDN-2026.pdf">Ou télécharger le formulaire papier→</a><br />
<a href="http://cycloclubremois.com/index.php/rdn-4/">Pour tout savoir sur le Rallye des Neiges 2026→</a> </strong></div>
</div>
</div>
<p><!-- Espace de 20px --></p>
<div style="height: 20px;">&nbsp;</div>
<h3>Rappel</h3>
<div style="display: flex; align-items: stretch; margin-bottom: 15px;">
<div style="background-color: #2196f3; color: white; padding: 12px; display: flex; align-items: center; justify-content: center; min-width: 70px;">ℹ</div>
<div class="a-noter-box" style="flex: 1; margin-left: 0; border-radius: 0 4px 4px 0; border-left: none;">Renouvellement de licence (fin de validite 27 fevrier 2026), nouveaux adhérents, adhérents extérieurs, sympathisants, inscription et paiement en ligne possible</div>
</div>
<p><!-- Espace de 20px --></p>
<div style="height: 20px;">&nbsp;</div>
<p><a href="http://cycloclubremois.com/index.php/divers/petites-annonces/"><strong>Info petites annonces mise à jour suite à vente le 14 Aout 2025</strong></a></p>
<p>&nbsp;</p>
<h1>Permanence C.C.R ouverte</h1>
<div style="display: flex; align-items: stretch; margin-bottom: 15px;">
<div style="background-color: #2196f3; color: white; padding: 12px; display: flex; align-items: center; justify-content: center; min-width: 70px;">ℹ</div>
<div class="a-noter-box" style="flex: 1; margin-left: 0; border-radius: 0 4px 4px 0; border-left: none;">Les permanences ont lieu tous les <strong>samedis</strong> de décembre, janvier, février, mars et avril.<br />
Les premier et troisième <strong>samedi</strong> des mois de mai, juin, septembre, octobre et novembre.</div>
</div>
<p><!-- Espace de 20px --></p>
<div style="display: flex; align-items: stretch; margin-bottom: 15px;">
<div style="background-color: #ff6b35; color: white; padding: 12px; display: flex; align-items: center; justify-content: center; min-width: 70px; font-size: 24px;">⚠</div>
<div class="attention-box" style="flex: 1; margin-left: 0; border-radius: 0 4px 4px 0; border-left: none;">Pas de permanence en juillet et en aout.</div>
</div>
<p><!-- Espace de 50px --></p>
<h2>Le C.C.R. serait heureux de vous accueillir</h2>
<div style="display: flex; align-items: stretch; margin-bottom: 15px;">
<div style="background-color: #f44336; color: white; padding: 12px; display: flex; align-items: center; justify-content: center; min-width: 70px; font-size: 24px;">❗</div>
<div class="important-box" style="flex: 1; margin-left: 0; border-radius: 0 4px 4px 0; border-left: none;">Pour nous rejoindre, renouveler votre licence, participer à nos sorties en étant licencié et &nbsp;à tous ceux qui ne pratiquent pas le cyclotourisme et désirent accompagner un ami adhérent de notre club<br />
Cliquez sur le logo HelloAsso ou suivez ce lien&nbsp;<a href="http://cycloclubremois.com/index.php/licences-2025/">http://cycloclubremois.com/index.php/licences-2025/</a>.<br />
<a href="https://www.helloasso.com/associations/cyclo-club-remois"><img loading="lazy" decoding="async" class="aligncenter wp-image-47958" src="http://cycloclubremois.com/wp-content/uploads/2025/12/Helloasso-logo.png" alt="" width="264" height="132" srcset="https://cycloclubremois.com/wp-content/uploads/2025/12/Helloasso-logo.png 1080w, https://cycloclubremois.com/wp-content/uploads/2025/12/Helloasso-logo-300x150.png 300w, https://cycloclubremois.com/wp-content/uploads/2025/12/Helloasso-logo-768x384.png 768w, https://cycloclubremois.com/wp-content/uploads/2025/12/Helloasso-logo-1024x512.png 1024w" sizes="auto, (max-width: 264px) 100vw, 264px" /></a></div>
</div>
<p><!-- Espace de 20px --></p>
<div>&nbsp;</div>
<h1>Infos C.C.R</h1>
<h4>Sur la volonté de quelques précurseurs du tourisme à bicyclette, parmi lesquels son regretté Jacques LOCHET, <strong>le Cyclo Club Rémois est né en 1932</strong> sous la présidence de Monsieur FRANCOIS, puis ont succédé Messieurs ALTERMEYER et CORRARD.</h4>
<h4>C’est après la libération que Monsieur Jacques LOCHET (dit Loloche) accède à la présidence, honorablement jusqu’en 1974.</h4>
<blockquote>
<ul>
<li>Lui succédèrent ensuite:</li>
<li>1974/1975 Marcel HANESSE.</li>
<li>1976 Jean Claude GERARD.</li>
<li>1977/1982 Fabien DUTERQUE</li>
<li>1983 Pierre KOENIG.</li>
<li>1984/1988 Jackie DELPORTE.</li>
<li>1989/1992 Yvon TOURAIS.</li>
<li>1993/1995 Jacques LIEBENS.</li>
<li>1996/2003 Robert MILLET.</li>
<li>2004/2011 Pierre BARDIAUX.</li>
<li>2012/2014 Jean-Claude DUSEHU.</li>
<li>2015/2023 Florian KOWALSKI.</li>
<li>2024 en cours Didier LONGUET</li>
<li>...</li>
</ul>
</blockquote>
<h2>Présentation et historique du club</h2>
<h4>Le Cyclo Club Rémois est <strong>un des plus anciens clubs affiliés à la Fédération Française de Cyclotourisme</strong> (FFCT). Il n’a pourtant pas pris une ride et fait toujours preuve d’une vitalité sans faiblesse ni relâchement.</h4>
<h4>Chaque dimanche, et toute l’année, les cyclos au maillot «<strong>sang et or</strong>» pédalent dans la bonne humeur sur toutes les routes de la région.</h4>
<h4>Ils s’en évadent souvent vers des horizons plus lointains pour participer aux brevets, randonnées et concentrations, des plus modestes aux plus prestigieux: Bordeaux-Paris, Paris-Roubaix, Paris-Brest-Paris, Brevets Cyclos Montagnards, entre autres. Participation en nombre également aux Semaines fédérales Internationales de Cyclotourisme, et toutes autres concentrations.</h4>
<h4>Chacun peut donc trouver son bonheur selon ses moyens et ses ambitions au sein du C.C.R.</h4>
<h4>Chaque hiver, le club organise de janvier à mars son traditionnel <strong>Rallye des Neiges</strong>, ouvert à tous, une bonne et saine remise en condition qui permet de faire connaissance ou de renouer des liens avec les amis d’autres clubs. Ensuite, toute la gamme des brevets randonneurs et audax ….Depuis 2006, un diaporama vient chaque mardi valoriser la balade dominicale du rallye des neiges .</h4>
<h4>En milieu de saison, l’épreuve phare de la région,<strong> le Brevet Cyclotouriste de la Montagne de Reims ( le célèbre B.C.M.R.)</strong> draine vers Reims, environ 1000 à 1500 cyclos dont bon nombre d’étrangers. Le succès de cette manifestation n’est plus à démontrer et a sa place au tout premier rang des épreuves nationales.</h4>
<p><!-- Espace de 20px --></p>
<div>&nbsp;</div>
<h2>Nous contacter</h2>
<p>&nbsp;</p>
<h3>Par courriel</h3>
<p><a href="mailto:cycloclubremois@orange.fr">cycloclubremois@orange.fr</a><br />
<!-- Espace de 20px --></p>
<div>&nbsp;</div>
<h3>courrier postal</h3>
<p>Cyclo Club Rémois<br />
53 allée Fléchambault<br />
51100 REIMS.<br />
Téléphone: 09 67 76 53 15&amp;nbsp<br />
<!-- Espace de 20px --></p>
<div>&nbsp;</div>
<h3>Le siège du CCR</h3>
<p><iframe src="https://www.google.com/maps/embed?pb=!1m18!1m12!1m3!1d27967.213425957678!2d4.005311052108546!3d49.25508226884757!2m3!1f0!2f0!3f0!3m2!1i1024!2i768!4f13.1!3m3!1m2!1s0x47e9744501213fd7%3A0x356e007b202d3f5b!2sCyclo-Club%20R%C3%A9mois!5e1!3m2!1sfr!2sfr!4v1765129475257!5m2!1sfr!2sfr"></iframe><br />
<!-- Espace de 20px --></p>
<div>&nbsp;</div>
<div>&nbsp;</div>
<p><em>Mise à jour D.Richomme le 07/12/2025</em></p>

<p>Le Cyclo Club Rémois (CCR) Les dernières actualités du CCR Le reportage de la dernière assemblée générale (CCR) Photos et reportage de la dernière AG de novembre 2025 Le reportage du dernier BCMR Reportage photos B.C.M.R En ligne &nbsp; Bientôt le Rallye des neiges 📰 Actualité : Bientôt une nouvelle saison du Rallye des Neiges&#8230;</p>
